3, what is 2017c67 - 3?
2017c64
In base 3, what is 1001220121201121212 + -11?
1001220121201121201
In base 11, what is 360039 + -27?
360012
In base 9, what is -136 + 472124?
471877
In base 16, what is 4a + 1d7c44?
1d7c8e
In base 12, what is 11740 + 370?
11ab0
In base 6, what is 15 + 202330200?
202330215
In base 8, what is -37437447 - 12?
-37437461
In base 14, what is -343d + -13bd?
-481c
In base 10, what is -309 + -11065?
-11374
In base 9, what is -4 + 100650765?
100650761
In base 7, what is -1126403301 - 1?
-1126403302
In base 12, what is -8624295 + -5?
-862429a
In base 11, what is -40 - -145083?
145043
In base 11, what is -5 - -446331?
446327
In base 2, what is 11 - 10000110010010001100111?
-10000110010010001100100
In base 6, what is 2250445554 - -105?
2250450103
In base 12, what is -185 + -48092?
-48257
In base 10, what is 5 - 12126803?
-12126798
In base 14, what is -ac0 - -126?
-998
In base 4, what is -1321210223010 + 1?
-1321210223003
In base 7, what is 133441015 - 252?
133440433
In base 6, what is 22241 + 133433?
200114
In base 8, what is 41375620 - -3?
41375623
In base 10, what is -3 + 2980028?
2980025
In base 7, what is 0 + 30052034?
30052034
In base 5, what is -2 - 24443331444?
-24443332001
In base 11, what is 43 + -466979?
-466936
In base 15, what is 4b64 + -9e?
4ab5
In base 4, what is -11222230132321 + 3?
-11222230132312
In base 3, what is -1000211220002 + -1?
-1000211220010
In base 15, what is -6e98b4 - -4?
-6e98b0
In base 3, what is 11212 - -10011212022?
10012001011
In base 5, what is -311004 - 101444?
-413003
In base 15, what is -2634cc5 - 2?
-2634cc7
In base 5, what is -10 + 3211144300?
3211144240
In base 12, what is -b186 - -89?
-b0b9
In base 13, what is -15583 - -29b?
-152b5
In base 12, what is 29 - 22b51a7?
-22b517a
In base 15, what is -2 + 5bc2e?
5bc2c
In base 4, what is -1 - 320110223230?
-320110223231
In base 16, what is 35 - -7d52?
7d87
In base 2, what is -101 - 110010100111110100101000001?
-110010100111110100101000110
In base 8, what is 2552 - -6637?
11411
In base 2, what is -1011101 - 111101111101010?
-111110001000111
In base 3, what is -1201020 - -20221012?
12012222
In base 6, what is 323342 - -401?
324143
In base 12, what is 272197 - a5?
2720b2
In base 11, what is -2 + 54530715?
54530713
In base 5, what is 42103 - -211010?
303113
In base 8, what is 441756 - -1175?
443153
In base 4, what is 33 - -3000213020?
3000213113
In base 7, what is 32 + 1242656?
1243021
In base 9, what is 4142131 + 3?
4142134
In base 7, what is -1 - -266320445?
266320444
In base 8, what is 160155 + -13?
160142
In base 3, what is 1000201100201 + -100?
1000201100101
In base 15, what is 65 - -2e8a?
3000
In base 9, what is 21814444 - 2?
21814442
In base 6, what is 324 - 250131131?
-250130403
In base 11, what is 73a81 + 1083?
75054
In base 7, what is -12650023 - -666?
-12646024
In base 7, what is -42366265 + 21?
-42366244
In base 15, what is 22273d4 + 4?
22273d8
In base 2, what is 1 + 101100101010111000001101?
101100101010111000001110
In base 16, what is -3 - 2263f32?
-2263f35
In base 5, what is -3412243 + -2334?
-3420132
In base 2, what is 100 + -110000100011110000011110?
-110000100011110000011010
In base 10, what is -37260 + 110?
-37150
In base 2, what is -110010011001111110001111 + -11011?
-110010011001111110101010
In base 12, what is -19849 + 13a?
-1970b
In base 13, what is -24 + -3c94a4?
-3c94c8
In base 10, what is -1018966 + 8?
-1018958
In base 12, what is -10074065 + 8?
-10074059
In base 4, what is -10 - -1120221131331?
1120221131321
In base 4, what is 30121130 + -11100?
30110030
In base 14, what is 25b9 - -1a42?
421b
In base 16, what is 4 - -1b498a?
1b498e
In base 10, what is 1181543 + -43?
1181500
In base 13, what is -12 + -10702?
-10714
In base 16, what is -111345 - c?
-111351
In base 3, what is 111110201 - -110120201?
222001102
In base 9, what is 2 - -385635?
385637
In base 7, what is -30211 - -3241?
-23640
In base 10, what is 10 - -2403984?
2403994
In base 9, what is -51 - 65678?
-65740
In base 6, what is 5442044001 + 12?
5442044013
In base 14, what is -16a4 - 156d5?
-16d99
In base 10, what is 208 - -5073?
5281
In base 9, what is 767028148 - -3?
767028152
In base 8, what is -6 + -16375250?
-16375256
In base 10, what is -1 - 221069533?
-221069534
In base 15, what is -5b + -c6318?
-c6374
In base 10, what is 3244 - 1761?
1483
In base 14, what is -84 + -3dd0a?
-3dd90
In base 14, what is dc - -71c89?
71d87
In base 3, what is 10112020222020 - 2120?
10112020212200
In base 9, what is 53554 - -7163?
61727
In base 9, what is 24 + -543635?
-543611
In base 15, what is 66de7 + -4dd?
66909
In base 8, what is 1165043 - -106?
1165151
In base 6, what is 40542 + 115?
41101
In base 16, what is 911 - d5c?
-44b
In base 11, what is -5 - -138425691?
138425687
In base 6, what is -20445 - -223051?
202202
In base 4, what is -2110 - -12310211?
12302101
In base 11, what is -1734 + 202?
-1532
In base 14, what is -21 + -33230b?
-33232c
In base 9, what is -1260553 + -4?
-1260557
In base 6, what is -551 - -1430434?
1425443
In base 15, what is 15b27 - 3a3?
15774
In base 8, what is 14614166413 + -5?
14614166406
In base 2, what is -10100 + 1000010101101101111110?
1000010101101101101010
In base 13, what is 45 + 10a1a26?
10a1a6b
In base 8, what is 72601534 - 5?
72601527
In base 3, what is -2020100 - -11112?
-2001211
In base 3, what is 202010221201 + 120?
202010222021
In base 2, what is -100100100100001101011000 - -10011?
-100100100100001101000101
In base 13, what is 111910 - -8?
111918
In base 9, what is 80517 - -375?
81003
In base 6, what is -12 - -22533520?
22533504
In base 16, what is 4 + -42ef0aa?
-42ef0a6
In base 2, what is 1011111001 - 1100011000110111100?
-1100010111011000011
In base 12, what is 117a1 + -1413?
1038a
In base 2, what is -110101001111101000110 + 1001?
-110101001111100111101
In base 10, what is -85816 + -101?
-85917
In base 15, what is 10 + 193db99?
193dba9
In base 8, what is -73555 - -3230?
-70325
In base 11, what is 1544aaa - -3?
1545002
In base 9, what is -175 + -20153?
-20338
In base 9, what is -1152 + -6061?
-7223
In base 3, what is 22121111 + 111220022?
211111210
In base 6, what is 1333545 - 2120?
1331425
In base 8, what is 605 - 2074577?
-2073772
In base 8, what is -116 + -1165371?
-1165507
In base 13, what is 93b6a + 2355?
961c2
In base 6, what is -1 - 145453322?
-145453323
In base 7, what is 3464 - 106420?
-102623
In base 15, what is 3 - 806675?
-806672
In base 8, what is -5 + -152235143?
-152235150
In base 2, what is -11100100000101100010100 - 10010010?
-11100100000101110100110
In base 4, what is 2000 - -120011102332?
120011110332
In base 11, what is -10 + -8845953?
-8845963
In base 11, what is -4 - 1964275?
-1964279
In base 3, what is -1220021100211 + 10011?
-1220021020200
In base 2, what is 10001101101 - 10001000000101?
-1110110011000
In base 2, what is 10010100010011101000000110111 + 11?
10010100010011101000000111010
In base 12, what is -2 - -1256225?
1256223
In base 7, what is 1201 - 156160?
-154656
In base 3, what is 11211001001210 + 1?
11211001001211
In base 13, what is -33108b - -3?
-331088
In base 14, what is -a8 - 701946?
-701a10
In base 2, what is 111010111101011010001101 - 1101?
111010111101011010000000
In base 15, what is e9 + -b3d?
-a44
In base 2, what is 10 + 10010000110110011011011011?
10010000110110011011011101
In base 3, what is 10002111121210002 + 2?
10002111121210011
In base 8, what is 774 - -230203?
231177
In base 3, what is -100202210020 + -10110011?
-100220020101
In base 4, what is -1221000312322023 + -2?
-1221000312322031
In base 9, what is 20 + 20274563?
20274583
In base 3, what is -1121220021111012 + -11?
-1121220021111100
In base 11, what is 31768 - -223?
31990
In base 13, what is -5 - -24377b?
243776
In base 11, what is -11784295 + 3?
-11784292
In base 5, what is 4 - 212233411243?
-212233411234
In base 12, what is 61 - -790303?
790364
In base 2, what is 1100000000101010011101100010 - -11?
1100000000101010011101100101
In base 13, what is -2 - 2b6a5a?
-2b6a5c
In base 4, what is -31 - -1120201102130?
1120201102033
In base 8, what is -451534441 - 0?
-451534441
In base 5, what is 1 - 1440212131?
-1440212130
In base 16, what is -177e9 + 1970?
-15e79
In base 10, what is -8 + 29203817?
29203809
In base 13, what is -10a01 + 